actor of 256 and 320.
64
What is the highest common divisor of 4633 and 226?
113
Calculate the greatest common divisor of 44365 and 190.
95
What is the greatest common divisor of 14 and 14?
14
What is the greatest common factor of 694 and 2?
2
Calculate the greatest common factor of 40 and 20.
20
Calculate the highest common factor of 318 and 30.
6
What is the greatest common divisor of 2556 and 3124?
284
Calculate the greatest common factor of 1920 and 30.
30
Calculate the highest common divisor of 8473 and 37.
37
Calculate the highest common factor of 11 and 99.
11
What is the greatest common factor of 46 and 253?
23
What is the greatest common divisor of 85 and 3604?
17
Calculate the greatest common divisor of 25 and 625.
25
Calculate the greatest common factor of 135 and 195.
15
Calculate the highest common factor of 5973 and 33.
33
What is the greatest common divisor of 192 and 1248?
96
Calculate the greatest common divisor of 320 and 20.
20
What is the highest common divisor of 11096 and 304?
152
Calculate the greatest common factor of 1131 and 351.
39
What is the greatest common divisor of 116 and 2842?
58
What is the greatest common divisor of 80 and 1080?
40
What is the highest common factor of 4 and 428?
4
What is the greatest common factor of 64 and 144?
16
Calculate the greatest common factor of 9 and 63.
9
What is the highest common divisor of 762 and 2921?
127
Calculate the highest common divisor of 30511 and 65.
13
Calculate the highest common factor of 187 and 11.
11
Calculate the highest common factor of 285 and 38.
19
Calculate the highest common divisor of 4 and 2096.
4
Calculate the highest common factor of 1274 and 143.
13
What is the highest common divisor of 12 and 70044?
12
What is the greatest common divisor of 256 and 96?
32
What is the highest common divisor of 496 and 16?
16
Calculate the highest common factor of 43 and 43.
43
What is the greatest common factor of 75 and 525?
75
What is the highest common factor of 341 and 99?
11
What is the highest common factor of 981 and 545?
109
Calculate the greatest common factor of 302 and 6493.
151
Calculate the highest common divisor of 180 and 72.
36
Calculate the greatest common divisor of 330 and 60.
30
Calculate the greatest common divisor of 189 and 14.
7
What is the greatest common factor of 228 and 171?
57
Calculate the greatest common factor of 3 and 2551.
1
What is the greatest common factor of 39 and 637?
13
Calculate the greatest common divisor of 48 and 204.
12
What is the greatest common divisor of 160 and 736?
32
Calculate the greatest common divisor of 436 and 218.
218
What is the highest common factor of 50 and 2250?
50
What is the greatest common divisor of 1210 and 100?
10
Calculate the highest common divisor of 589 and 124.
31
Calculate the greatest common factor of 22 and 3806.
22
What is the greatest common factor of 985 and 3743?
197
What is the greatest common factor of 12 and 15?
3
Calculate the greatest common divisor of 3 and 136.
1
Calculate the greatest common divisor of 50 and 10.
10
What is the greatest common divisor of 867 and 17051?
289
What is the greatest common factor of 243 and 1674?
27
Calculate the highest common divisor of 16 and 232.
8
Calculate the highest common divisor of 318 and 4.
2
Calculate the highest common divisor of 819 and 189.
63
Calculate the greatest common divisor of 23 and 621.
23
Calculate the highest common divisor of 28 and 133.
7
Calculate the highest common factor of 5 and 55.
5
What is the highest common factor of 1380 and 46?
46
What is the highest common factor of 50 and 138?
2
What is the greatest common divisor of 58 and 435?
29
What is the greatest common divisor of 5031 and 117?
117
What is the greatest common divisor of 3672 and 81?
27
Calculate the highest common factor of 1938 and 114.
114
Calculate the highest common divisor of 44 and 220.
44
What is the greatest common factor of 12 and 519?
3
Calculate the highest common divisor of 72 and 315.
9
What is the greatest common factor of 42354 and 39?
39
What is the highest common factor of 103 and 8?
1
What is the greatest common factor of 69 and 69?
69
Calculate the greatest common factor of 575 and 5.
5
What is the greatest common divisor of 1075 and 25?
25
What is the highest common divisor of 1141 and 28?
7
What is the highest common divisor of 950 and 20?
10
What is the greatest common factor of 44 and 7436?
44
What is the highest common factor of 3610 and 10?
10
Calculate the greatest common factor of 9 and 47.
1
Calculate the greatest common factor of 60 and 240.
60
Calculate the greatest common divisor of 2900 and 400.
100
What is the highest common factor of 18 and 711?
9
Calculate the greatest common divisor of 2814 and 9.
3
Calculate the highest common factor of 3 and 537.
3
What is the greatest common factor of 91 and 77?
7
Calculate the highest common divisor of 55 and 1210.
55
What is the greatest common divisor of 310 and 10?
10
What is the highest common divisor of 104 and 13?
13
Calculate the highest common factor of 363 and 66.
33
What is the greatest common divisor of 380 and 76?
76
What is the highest common factor of 576 and 32?
32
Calculate the highest common divisor of 2 and 554.
2
What is the highest common divisor of 121 and 253?
11
Calculate the greatest common divisor of 1596 and 756.
84
Calculate the highest common divisor of 11 and 407.
11
What is the highest common divisor of 165 and 195?
15
Calculate the greatest common factor of 8120 and 58.
58
What is the greatest common factor of 24 and 15?
3
Calculate the greatest common divisor of 1972 and 272.
68
What is the greatest common factor of 35 and 5495?
35
What is the highest common factor of 476 and 204?
68
What is the highest common factor of 7339 and 179?
179
Calculate the highest common factor of 1345 and 7801.
269
What is the highest common divisor of 136 and 17?
17
What is the highest common factor of 1850 and 170?
10
Calculate the greatest common factor of 49 and 7.
7
Calculate the highest common factor of 1134 and 42.
42
What is the greatest common divisor of 39 and 429?
39
What is the greatest common factor of 12 and 124?
4
Calculate the greatest common factor of 111 and 2368.
37
What is the greatest common factor of 15 and 7605?
15
Calculate the highest common divisor of 20 and 22870.
10
Calculate the greatest common factor of 32 and 8.
8
Calculate the greatest common divisor of 47 and 423.
47
Calculate the highest common factor of 707 and 909.
101
Calculate the greatest common factor of 36 and 40788.
36
What is the highest common factor of 10 and 24170?
10
Calculate the highest common factor of 38 and 15276.
38
What is the highest common divisor of 51 and 8449?
17
What is the greatest common factor of 200 and 184?
8
Calculate the highest common divisor of 50 and 80.
10
What is the greatest common factor of 653 and 1?
1
Calculate the greatest common divisor of 969 and 561.
51
What is the highest common factor of 1133 and 4017?
103
What is the highest common factor of 11029 and 82?
41
What is the greatest common divisor of 253 and 209?
11
What is the greatest common divisor of 168 and 48?
24
What is the highest common factor of 136 and 34?
34
Calculate the highest common factor of 65 and 1651.
13
What is the highest common divisor of 9933 and 7?
7
What is the greatest common factor of 117 and 104?
13
Calculate the highest common factor of 1274 and 784.
98
What is the highest common factor of 56 and 584?
8
Calculate the highest common factor of 245 and 15.
5
Calculate the greatest common factor of 195 and 15.
15
What is the highest common factor of 74 and 1998?
74
What is the highest common factor of 128 and 16?
16
Calculate the highest common divisor of 10287 and 127.
127
Calculate the highest common factor of 36 and 2304.
36
What is the greatest common factor of 240 and 3380?
20
Calculate the greatest common factor of 11133 and 27.
9
What is the greatest common factor of 12 and 258?
6
Calculate the highest common factor of 2812 and 24.
4
What is the highest common divisor of 546 and 6474?
78
What is the greatest common divisor of 900 and 135?
45
Calculate the highest common divisor of 42 and 567.
21
Calculate the highest common factor of 506 and 88.
22
Calcula